7
1
What is -112 (base 3) in base 2?
-1110
Convert -100010 (base 2) to base 16.
-22
What is 144 (base 6) in base 11?
59
Convert 340 (base 5) to base 9.
115
Convert -10321 (base 4) to base 16.
-139
Convert 0 (base 4) to base 13.
0
Convert 1000 (base 2) to base 8.
10
What is -13 (base 10) in base 9?
-14
43 (base 13) to base 5
210
-16 (base 12) to base 11
-17
What is -4 (base 6) in base 16?
-4
244 (base 5) to base 16
4a
Convert -19 (base 14) to base 7.
-32
What is 2 (base 4) in base 14?
2
-12 (base 7) to base 4
-21
Convert -1005 (base 6) to base 5.
-1341
-3 (base 11) to base 14
-3
What is 3 (base 8) in base 7?
3
0 (base 7) to base 8
0
Convert 8 (base 12) to base 2.
1000
What is 4 (base 11) in base 14?
4
What is -23 (base 9) in base 5?
-41
-7b (base 16) to base 8
-173
What is 0 (base 12) in base 8?
0
-22 (base 10) to base 9
-24
155 (base 14) to base 15
131
-162 (base 7) to base 4
-1131
Convert 28 (base 10) to base 15.
1d
4 (base 15) to base 14
4
Convert 83 (base 12) to base 6.
243
What is 115 (base 12) in base 2?
10100001
What is -53 (base 10) in base 7?
-104
What is a5 (base 14) in base 9?
171
Convert -a (base 16) to base 13.
-a
1000100 (base 2) to base 16
44
-10 (base 6) to base 15
-6
Convert 34 (base 5) to base 3.
201
14 (base 7) to base 12
b
What is 110010 (base 2) in base 16?
32
Convert -1 (base 15) to base 9.
-1
What is 14 (base 9) in base 8?
15
-3a (base 14) to base 12
-44
13 (base 9) to base 8
14
Convert 20 (base 6) to base 5.
22
c (base 16) to base 3
110
What is -111 (base 2) in base 13?
-7
Convert 18a (base 11) to base 5.
1334
-12 (base 5) to base 11
-7
Convert -22 (base 11) to base 10.
-24
Convert -1333 (base 6) to base 2.
-101011001
Convert -6 (base 15) to base 5.
-11
-1 (base 15) to base 9
-1
What is 3 (base 14) in base 3?
10
-1 (base 8) to base 13
-1
-4 (base 13) to base 12
-4
-103 (base 4) to base 11
-18
33 (base 12) to base 4
213
What is 55 (base 15) in base 13?
62
-5 (base 7) to base 15
-5
Convert -55 (base 13) to base 11.
-64
Convert 37 (base 11) to base 6.
104
Convert -1011111 (base 2) to base 5.
-340
Convert -1 (base 11) to base 7.
-1
What is 0 (base 8) in base 6?
0
What is 13 (base 4) in base 14?
7
-6 (base 9) to base 10
-6
Convert 1 (base 2) to base 16.
1
Convert -12 (base 8) to base 15.
-a
431 (base 5) to base 14
84
What is b (base 14) in base 11?
10
3 (base 11) to base 15
3
What is 0 (base 12) in base 6?
0
Convert 0 (base 13) to base 9.
0
Convert a9 (base 12) to base 14.
93
Convert 1 (base 3) to base 15.
1
21 (base 10) to base 16
15
What is -45 (base 8) in base 10?
-37
Convert 1 (base 12) to base 6.
1
-20 (base 11) to base 13
-19
Convert 4 (base 10) to base 15.
4
-27 (base 15) to base 14
-29
-5 (base 14) to base 9
-5
Convert -1b (base 16) to base 11.
-25
Convert -10 (base 3) to base 16.
-3
What is 2110 (base 3) in base 5?
231
What is 113 (base 5) in base 9?
36
What is 3 (base 15) in base 16?
3
1 (base 7) to base 9
1
Convert 100011111 (base 2) to base 3.
101122
What is 18 (base 9) in base 8?
21
Convert 120 (base 8) to base 7.
143
What is 16 (base 8) in base 15?
e
What is -82 (base 14) in base 7?
-222
What is 4 (base 12) in base 7?
4
Convert -4b (base 12) to base 5.
-214
346 (base 7) to base 16
b5
What is -10 (base 8) in base 3?
-22
Convert 1 (base 3) to base 14.
1
2d (base 16) to base 3
1200
Convert -112 (base 3) to base 9.
-15
22 (base 13) to base 8
34
32 (base 4) to base 8
16
4 (base 11) to base 15
4
Convert -2110 (base 3) to base 7.
-123
1 (base 6) to base 9
1
What is -36 (base 14) in base 9?
-53
What is 3 (base 13) in base 3?
10
-4 (base 6) to base 10
-4
5 (base 16) to base 14
5
What is -11 (base 15) in base 10?
-16
-11 (base 3) to base 5
-4
Convert -2 (base 12) to base 2.
-10
What is 5 (base 10) in base 13?
5
What is -122 (base 10) in base 16?
-7a
Convert 5 (base 14) to base 11.
5
Convert 6 (base 12) to base 5.
11
Convert 4a (base 15) to base 4.
1012
Convert 303 (base 4) to base 13.
3c
3 (base 4) to base 6
3
Convert 200 (base 4) to base 13.
26
Convert 1010 (base 2) to base 8.
12
What is -1021 (base 3) in base 10?
-34
-11 (base 14) to base 15
-10
Convert 12 (base 11) to base 3.
111
What is -15 (base 10) in base 3?
-120
6 (base 13) to base 4
12
1 (base 11) to base 13
1
Convert 0 (base 12) to base 16.
0
13 (base 9) to base 8
14
What is -11010 (base 2) in base 14?
-1c
Convert -1 (base 12) to base 3.
-1
Convert -160 (base 10) to base 2.
-10100000
What is -1 (base 12) in base 3?
-1
What is 100111000 (base 2) in base 14?
184
What is -20 (base 9) in base 15?
-13
What is -7 (base 16) in base 4?
-13
Convert 38 (base 14) to base 5.
200
32 (base 4) to base 13
11
Convert -4 (base 13) to base 10.
-4
What is 0 (base 4) in base 14?
0
What is -22 (base 14) in base 4?
-132
130 (base 8) to base 16
58
What is 63 (base 8) in base 7?
102
Convert 50 (base 12) to base 15.
40
What is -110 (base 10) in base 4?
-1232
What is -111 (base 8) in base 13?
-58
16 (base 10) to base 15
11
Convert -3c (base 14) to base 7.
-105
What is 1 (base 3) in base 2?
1
2d (base 14) to base 2
101001
What is 202 (base 3) in base 5?
40
What is 20 (base 7) in base 15?
e
2210 (base 3) to base 4
1023
3 (base 9) to base 16
3
What is -17 (base 8) in base 10?
-15
-1 (base 16) to base 2
-1
-1032 (base 4) to base 15
-53
Convert -143 (base 5) to base 12.
-40
What is -54 (base 10) in base 5?
-204
177 (base 10) to base 4
2301
What is -4 (base 10) in base 11?
-4
Convert -40 (base 16) to base 15.
-44
Convert -24 (base 10) to base 3.
-220
5 (base 12) to base 4
11
Convert -10101 (base 3) to base 12.
-77
Convert -5 (base 6) to base 7.
-5
3b (base 14) to base 10
53
What is 101010 (base 2) in base 8?
52
What is -d (base 16) in base 15?
-d
What is -15 (base 10) in base 6?
-23
-3 (base 15) to base 8
-3
33 (base 4) to base 6
23
3c (base 16) to base 7
114
What is 2 (base 3) in base 6?
2
-24 (base 7) to base 10
-18
Convert -4 (base 15) to base 10.
-4
What is 1103 (base 4) in base 12?
6b
Convert -2 (base 3) to base 15.
-2
8 (base 14) to base 9
8
What is 21 (base 4) in base 8?
11
What is 2 (base 13) in base 12?
2
What is e (base 15) in base 10?
14
What is 1000000 (base 2) in base 3?
2101
What is -11 (base 6) in base 16?
-7
What is 66 (base 11) in base 16?
48
Convert -3 (base 12) to base 4.
-3
1 (base 3) to base 16
1
Convert 3 (base 4) to base 12.
3
What is -11 (base 13) in base 11?
-13
What is 11 (base 16) in base 5?
32
2 (base 9) to base 10
2
Convert -169 (base 14) to base 15.
-144
Convert 10 (base 10) to base 6.
14
-23 (base 5) to base 10
-13
42 (base 9) to base 16
26
What is -7 (base 9) in base 3?
-21
Convert 4 (base 16) to base 13.
4
Convert 6 (base 8) to base 15.
6
What is 5 (base 13) in base 2?
101
-41 (base 5) to base 10
-21
Convert -11000000 (base 2) to base 9.
-233
24 (base 11) to base 12
22
Convert 10 (base 2) to base 3.
2
Convert -38 (base 11) to base 5.
-131
Convert 2 (base 12) to base 7.
2
1 (base 10) to base 2
1
-3 (base 15) to base 14
-3
-28 (base 14) to base 5
-121
Convert -110 (base 7) to base 4.
-320
What is 12 (base 9) in base 10?
11
What is 110000111 (base 2) in base 16?
187
12 (base 4) to base 8
6
What is -3 (base 10) in base 8?
-3
-10111000 (base 2) to base 16
-b8
What is -210 (base 3) in base 16?
-15
Convert 101 (base 3) to base 11.
a
Convert 34 (base 16) to base 6.
124
-155 (base 7) to base 8
-131
-131 (base 4) to base 13
-23
c8 (base 14) to base 6
452
What is -3 (base 11) in base 13?
-3
What is 3 (base 14) in base 13?
3
What is -22 (base 10) in base 14?
-18
12 (base 10) to base 9
13
Convert -5 (base 12) to base 14.
-5
Convert 200 (base 3) to base 15.
13
-1c (base 14) to base 15
-1b
What is 50 (base 6) in base 5?
110
15 (base 7) to base 13
c
22 (base 16) to base 11
31
-10000 (base 2) to base 8
-20
Convert -d (base 15) to base 4.
-31
166 (base 7) to base 13
76
-2 (base 8) to base 2
-10
Convert -8 (base 9) to base 12.
-8
146 (base 7) to base 13
65
What is -33 (base 15) in base 5?
-143
Convert -22 (base 7) to base 4.
-100
What is -1 (base 3) in base 7?
-1
Convert 22 (base 16) to base 13.
28
What is 4 (base 16) in base 11?
4
141 (base 7) to base 12
66
Convert 10c (base 14) to base 11.
17a
What is -100101 (base 2) in base 12?
-31
-305 (base 6) to base 15
-78
What is -54 (base 9) in base 7?
-100
Convert 253 (base 6) to base 4.
1221
1101111 (base 2) to base 8
157
What is 